9
What is the remainder when 553990 is divided by 184662?
4
What is the remainder when 95614 is divided by 155?
134
What is the remainder when 11438 is divided by 229?
217
What is the remainder when 2620 is divided by 135?
55
Calculate the remainder when 43322 is divided by 39.
32
Calculate the remainder when 1839 is divided by 589.
72
What is the remainder when 716965 is divided by 175?
165
What is the remainder when 2004 is divided by 21?
9
Calculate the remainder when 452 is divided by 110.
12
Calculate the remainder when 1919 is divided by 275.
269
What is the remainder when 149402 is divided by 152?
138
Calculate the remainder when 40350 is divided by 13420.
90
What is the remainder when 50935 is divided by 1959?
1
What is the remainder when 5163 is divided by 1286?
19
What is the remainder when 5155 is divided by 858?
7
Calculate the remainder when 13903 is divided by 22.
21
What is the remainder when 79099 is divided by 13182?
7
Calculate the remainder when 316226 is divided by 24325.
1
What is the remainder when 54940 is divided by 241?
233
Calculate the remainder when 26553 is divided by 4164.
1569
Calculate the remainder when 679 is divided by 261.
157
What is the remainder when 30930 is divided by 2165?
620
Calculate the remainder when 31550 is divided by 263.
253
What is the remainder when 29076 is divided by 1938?
6
What is the remainder when 43209 is divided by 24?
9
Calculate the remainder when 1669 is divided by 27.
22
What is the remainder when 9417 is divided by 12?
9
What is the remainder when 405213 is divided by 31?
12
What is the remainder when 59741 is divided by 6?
5
What is the remainder when 21625 is divided by 667?
281
What is the remainder when 109528 is divided by 109509?
19
What is the remainder when 443154 is divided by 147709?
27
Calculate the remainder when 3968 is divided by 787.
33
Calculate the remainder when 7613 is divided by 3737.
139
What is the remainder when 7160 is divided by 192?
56
Calculate the remainder when 345797 is divided by 133.
130
What is the remainder when 32075 is divided by 198?
197
Calculate the remainder when 105530 is divided by 214.
28
Calculate the remainder when 6039 is divided by 336.
327
What is the remainder when 164277 is divided by 105?
57
Calculate the remainder when 5868 is divided by 123.
87
What is the remainder when 6010 is divided by 550?
510
Calculate the remainder when 634610 is divided by 18665.
0
What is the remainder when 43496 is divided by 7?
5
What is the remainder when 5788 is divided by 25?
13
Calculate the remainder when 41303 is divided by 70.
3
Calculate the remainder when 32604 is divided by 388.
12
What is the remainder when 12036 is divided by 632?
28
What is the remainder when 389516 is divided by 13?
10
Calculate the remainder when 13336 is divided by 580.
576
Calculate the remainder when 96858 is divided by 167.
165
Calculate the remainder when 5622 is divided by 221.
97
Calculate the remainder when 82358 is divided by 222.
218
Calculate the remainder when 4741 is divided by 245.
86
What is the remainder when 58842 is divided by 1681?
7
Calculate the remainder when 34625 is divided by 634.
389
Calculate the remainder when 58084 is divided by 9.
7
Calculate the remainder when 45415 is divided by 1032.
7
What is the remainder when 223791 is divided by 68?
3
What is the remainder when 44488 is divided by 168?
136
What is the remainder when 5093 is divided by 98?
95
Calculate the remainder when 6245 is divided by 1555.
25
Calculate the remainder when 5824 is divided by 532.
504
Calculate the remainder when 18322 is divided by 4577.
14
What is the remainder when 16670 is divided by 24?
14
Calculate the remainder when 3680 is divided by 1223.
11
Calculate the remainder when 18142 is divided by 474.
130
Calculate the remainder when 7016343 is divided by 18.
15
What is the remainder when 15139 is divided by 156?
7
What is the remainder when 20065 is divided by 9951?
163
Calculate the remainder when 1133919 is divided by 17.
2
Calculate the remainder when 228 is divided by 159.
69
What is the remainder when 224114 is divided by 556?
46
What is the remainder when 10841 is divided by 382?
145
Calculate the remainder when 67828 is divided by 173.
12
What is the remainder when 3090 is divided by 284?
250
Calculate the remainder when 2234 is divided by 190.
144
Calculate the remainder when 3569718 is divided by 35.
33
Calculate the remainder when 514 is divided by 251.
12
What is the remainder when 78922 is divided by 61?
49
Calculate the remainder when 23148 is divided by 25.
23
What is the remainder when 30733 is divided by 28?
17
Calculate the remainder when 4108144 is divided by 257.
256
Calculate the remainder when 9122 is divided by 4511.
100
What is the remainder when 12489 is divided by 650?
139
What is the remainder when 13079 is divided by 273?
248
Calculate the remainder when 18331 is divided by 1886.
1357
Calculate the remainder when 565795 is divided by 492.
487
What is the remainder when 9509 is divided by 4749?
11
Calculate the remainder when 1008 is divided by 200.
8
What is the remainder when 39787 is divided by 230?
227
Calculate the remainder when 6479 is divided by 6.
5
What is the remainder when 172932 is divided by 86458?
16
What is the remainder when 30538 is divided by 28?
18
Calculate the remainder when 22947 is divided by 135.
132
Calculate the remainder when 762 is divided by 178.
50
Calculate the remainder when 65802 is divided by 1343.
1338
What is the remainder when 609397 is divided by 220?
217
What is the remainder when 2623 is divided by 1308?
7
Calculate the remainder when 4511 is divided by 406.
45
What is the remainder when 23461 is divided by 2239?
1071
What is the remainder when 97515 is divided by 48755?
5
Calculate the remainder when 669 is divided by 257.
155
What is the remainder when 1306 is divided by 28?
18
What is the remainder when 106039 is divided by 150?
139
Calculate the remainder when 1792 is divided by 1742.
50
Calculate the remainder when 62305 is divided by 86.
41
Calculate the remainder when 14742 is divided by 9.
0
What is the remainder when 103833 is divided by 114?
93
What is the remainder when 561787 is divided by 924?
919
Calculate the remainder when 82262 is divided by 82261.
1
Calculate the remainder when 7776 is divided by 34.
24
What is the remainder when 3384 is divided by 117?
108
What is the remainder when 5606 is divided by 1509?
1079
What is the remainder when 8057 is divided by 815?
722
Calculate the remainder when 54892 is divided by 76.
20
What is the remainder when 400438 is divided by 8?
6
What is the remainder when 845854 is divided by 396?
394
Calculate the remainder when 5575340 is divided by 123.
119
Calculate the remainder when 191057 is divided by 41.
38
Calculate the remainder when 5311 is divided by 2525.
261
What is the remainder when 4337 is divided by 368?
289
Calculate the remainder when 144575 is divided by 58.
39
Calculate the remainder when 394 is divided by 14.
2
What is the remainder when 111191 is divided by 15?
11
What is the remainder when 40680 is divided by 581?
10
Calculate the remainder when 452127 is divided by 71.
70
Calculate the remainder when 12768 is divided by 12767.
1
What is the remainder when 3168 is divided by 317?
315
Calculate the remainder when 866842 is divided by 132.
130
Calculate the remainder when 66248 is divided by 25.
23
What is the remainder when 27760 is divided by 9232?
64
What is the remainder when 4806 is divided by 160?
6
Calculate the remainder when 506340 is divided by 180.
0
What is the remainder when 720 is divided by 8?
0
What is the remainder when 150354 is divided by 22?
6
What is the remainder when 38669 is divided by 12855?
104
Calculate the remainder when 420 is divided by 197.
26
What is the remainder when 12258 is divided by 18?
0
Calculate the remainder when 9987 is divided by 2233.
1055
What is the remainder when 7626 is divided by 2232?
930
What is the remainder when 154123 is divided by 106?
105
Calculate the remainder when 613 is divided by 355.
258
Calculate the remainder when 49959 is divided by 17.
13
Calculate the remainder when 2236 is divided by 373.
371
Calculate the remainder when 6707 is divided by 2948.
811
Ca